factors of 33075765.
3, 5, 149, 4933
List the prime factors of 191864415.
3, 5, 12790961
What are the prime factors of 660998143?
13, 71, 733, 977
What are the prime factors of 116626488?
2, 3, 11, 103, 4289
List the prime factors of 271366955.
5, 47, 1154753
List the prime factors of 2699580280.
2, 5, 17, 3969971
What are the prime factors of 23070822?
2, 3, 839, 4583
List the prime factors of 716107335.
3, 5, 239, 199751
List the prime factors of 3952695724.
2, 988173931
List the prime factors of 2131624295.
5, 426324859
List the prime factors of 240173071.
179, 211, 6359
List the prime factors of 1868278.
2, 37, 25247
What are the prime factors of 24599396?
2, 457, 13457
What are the prime factors of 1311016209?
3, 61, 117443
List the prime factors of 49202984.
2, 47, 130859
List the prime factors of 1415351.
7, 23, 59, 149
List the prime factors of 133278387.
3, 11, 4038739
List the prime factors of 1313602548.
2, 3, 61, 1794539
What are the prime factors of 888231781?
317, 1009, 2777
What are the prime factors of 5791311044?
2, 73, 19833257
List the prime factors of 19709702.
2, 9854851
List the prime factors of 743127701.
743127701
List the prime factors of 24004601.
37, 53, 12241
What are the prime factors of 3537680957?
30271, 116867
What are the prime factors of 101526203?
101526203
List the prime factors of 1344292855.
5, 268858571
What are the prime factors of 36107703?
3, 47, 85361
List the prime factors of 1082097245.
5, 373, 580213
What are the prime factors of 3450984271?
7, 18773, 26261
List the prime factors of 2859476784.
2, 3, 4523, 13171
List the prime factors of 29850185.
5, 5970037
What are the prime factors of 46256232?
2, 3, 11, 83, 2111
What are the prime factors of 967547570?
2, 5, 11, 8795887
List the prime factors of 1815166958.
2, 11, 199, 414611
What are the prime factors of 12275714?
2, 11, 557987
What are the prime factors of 1024093?
7, 146299
List the prime factors of 426281216.
2, 1665161
What are the prime factors of 83060464?
2, 5191279
What are the prime factors of 40864350?
2, 3, 5, 89, 3061
What are the prime factors of 77429393?
77429393
List the prime factors of 262228210.
2, 5, 41, 173, 3697
What are the prime factors of 407510469?
3, 31, 811, 1801
List the prime factors of 1104393185.
5, 7, 17, 23, 80701
List the prime factors of 59780563.
59780563
List the prime factors of 1350829723.
467, 2892569
List the prime factors of 107962529.
17, 23, 71, 3889
What are the prime factors of 15592283?
7, 2227469
List the prime factors of 649182019.
649182019
List the prime factors of 139594551.
3, 6469, 7193
List the prime factors of 308186226.
2, 3, 17121457
List the prime factors of 18658963.
18658963
What are the prime factors of 1187951843?
13, 59, 733, 2113
List the prime factors of 3069043403.
37, 7681, 10799
List the prime factors of 373909743.
3, 197, 70297
What are the prime factors of 218089234?
2, 11, 9913147
List the prime factors of 8342919791.
107, 163, 478351
What are the prime factors of 2356140?
2, 3, 5, 107, 367
What are the prime factors of 68553683?
11, 47, 97, 1367
What are the prime factors of 1052957394?
2, 3, 67, 3593
List the prime factors of 4763058986.
2, 7, 340218499
What are the prime factors of 757716996?
2, 3, 17, 239, 15541
What are the prime factors of 1318399265?
5, 19, 97, 173, 827
What are the prime factors of 63127923?
3, 409, 51449
List the prime factors of 403101032.
2, 50387629
What are the prime factors of 1388907071?
1487, 934033
List the prime factors of 321197789.
11, 31, 941929
List the prime factors of 1927379541.
3, 642459847
List the prime factors of 82228260.
2, 3, 5, 1370471
What are the prime factors of 271638891?
3, 59, 173, 2957
List the prime factors of 323992944.
2, 3, 11, 137, 1493
List the prime factors of 44014348.
2, 7, 224563
What are the prime factors of 3116031200?
2, 5, 3895039
List the prime factors of 431501583.
3, 241, 596821
What are the prime factors of 19021831?
19, 491, 2039
What are the prime factors of 2209087339?
41, 53880179
What are the prime factors of 507980211?
3, 29, 1187, 4919
What are the prime factors of 5429274381?
3, 17783, 33923
List the prime factors of 34542002.
2, 11, 1570091
List the prime factors of 3288447663.
3, 29, 37798249
What are the prime factors of 6146609475?
3, 5, 31, 47, 56249
What are the prime factors of 1380038211?
3, 153337579
List the prime factors of 26273536.
2, 29, 3539
What are the prime factors of 53948606?
2, 73, 223, 1657
What are the prime factors of 61953835?
5, 23, 59, 397
List the prime factors of 525474192.
2, 3, 23, 475973
What are the prime factors of 3798462693?
3, 12301, 102931
List the prime factors of 319480131.
3, 53, 1279, 1571
What are the prime factors of 1063566604?
2, 499, 532849
List the prime factors of 20106203.
13, 113, 13687
What are the prime factors of 1354590924?
2, 3, 479, 235663
What are the prime factors of 285743819?
241, 1185659
List the prime factors of 951349083.
3, 317116361
List the prime factors of 24495061.
24495061
List the prime factors of 49695710.
2, 5, 4969571
List the prime factors of 1315505204.
2, 13, 19, 101, 13183
List the prime factors of 81420089.
17, 2141, 2237
What are the prime factors of 1279988332?
2, 7, 97, 471277
What are the prime factors of 236741375?
5, 13, 145687
List the prime factors of 3298525793.
17, 149, 1302221
What are the prime factors of 1707357627?
3, 1523, 124561
List the prime factors of 23916897.
3, 885811
What are the prime factors of 4195368155?
5, 11, 167, 456763
List the prime factors of 206006161.
1291, 159571
What are the prime factors of 188708045?
5, 461, 81869
List the prime factors of 38779047.
3, 31, 107, 433
What are the prime factors of 54362281?
4441, 12241
List the prime factors of 1883408630.
2, 5, 19, 809, 12253
List the prime factors of 939147749.
47, 19981867
What are the prime factors of 400162185?
3, 5, 8892493
What are the prime factors of 93152830?
2, 5, 31, 300493
What are the prime factors of 3190250704?
2, 37, 5388937
List the prime factors of 290792086.
2, 13, 11184311
What are the prime factors of 85424706?
2, 3, 137, 1283
List the prime factors of 2377522799.
83, 131, 449, 487
List the prime factors of 391911946.
2, 61, 1607, 1999
List the prime factors of 657281172.
2, 3, 29, 37, 51047
List the prime factors of 671686008.
2, 3, 7, 3998131
List the prime factors of 236728240.
2, 5, 7, 79, 5351
List the prime factors of 1042943049.
3, 683, 169667
List the prime factors of 4912978852.
2, 17, 59, 317, 3863
List the prime factors of 7848347666.
2, 10709, 366437
What are the prime factors of 158087648?
2, 23, 347, 619
List the prime factors of 2492900998.
2, 7, 178064357
List the prime factors of 7104548.
2, 11, 61, 2647
What are the prime factors of 4383944232?
2, 3, 653, 279731
List the prime factors of 1339767612.
2, 3, 37215767
List the prime factors of 30583930.
2, 5, 13, 18097
List the prime factors of 144818211.
3, 151, 319687
What are the prime factors of 22277456?
2, 59, 23599
What are the prime factors of 55345514?
2, 7, 29, 136319
What are the prime factors of 4496123634?
2, 3, 19, 29, 577, 2357
What are the prime factors of 2350677961?
31237, 75253
What are the prime factors of 210840917?
7, 30120131
What are the prime factors of 866440281?
3, 7, 1459, 28279
What are the prime factors of 1249861763?
2719, 459677
List the prime factors of 93525098.
2, 79, 193, 3067
List the prime factors of 2221251005.
5, 181, 2454421
What are the prime factors of 14370338?
2, 17, 422657
What are the prime factors of 697069920?
2, 3, 5, 1452229
List the prime factors of 92368984.
2, 59, 195697
List the prime factors of 1090095217.
467, 2334251
What are the prime factors of 23732317?
7, 41, 11813
List the prime factors of 3441292316.
2, 7, 11, 11173027
What are the prime factors of 379119290?
2, 5, 11, 1783, 1933
What are the prime factors of 15885752?
2, 17, 6871
List the prime factors of 1469049526.
2, 7, 17, 6172477
List the prime factors of 1129596089.
1129596089
What are the prime factors of 206504227?
206504227
List the prime factors of 41430903.
3, 13810301
List the prime factors of 13177144.
2, 853, 1931
What are the prime factors of 317685?
3, 5, 21179
List the prime factors of 35122571.
11, 3192961